{"id":133,"date":"2024-02-12T11:39:25","date_gmt":"2024-02-12T10:39:25","guid":{"rendered":"https:\/\/www.eisenbahnlandschaft-niederrhein.de\/?page_id=133"},"modified":"2024-04-09T15:19:38","modified_gmt":"2024-04-09T14:19:38","slug":"vorwort-einleitung","status":"publish","type":"page","link":"https:\/\/www.eisenbahnlandschaft-niederrhein.de\/index.php\/vorwort-einleitung\/","title":{"rendered":"Vorwort \/ Einleitung"},"content":{"rendered":"\n<p>Was ist der Niederrhein?<\/p>\n\n\n\n<p>Hanns-Dieter H\u00fcsch, Kabarettist und Schriftsteller aus Moers, hat mal gesagt: &#8222;Der Niederrheiner wei\u00df nichts, kann aber alles erkl\u00e4ren.&#8220; Von dieser Weisheit ausgehend besch\u00e4ftigen wir uns mal mit der Frage, was der Niederrhein \u00fcberhaupt ist. <\/p>\n\n\n\n<p>Schnell wird man feststellen, dass es &#8222;den Niederrhein&#8220; eigentlich gar nicht gibt. Je nach Definition und Sichtweise wird ein unterschiedlich gro\u00dfes Gebiet als Niederrhein oder niederrheinisches Tiefland bezeichnet. Bei <a href=\"https:\/\/de.wikipedia.org\/wiki\/Niederrhein_(Region)\">Wikipedia<\/a> finden sich denn auch folgende Aussagen zur Region Niederrhein: <\/p>\n\n\n\n<p><em>&#8222;Eine eindeutige geographische Abgrenzung des flachen eigentlichen Niederrheingebietes von den Nachbarlandschaften gibt es nicht. Das Niederrheingebiet bildet au\u00dferdem weder geologisch, historisch, politisch noch kulturell eine kontinuierliche Einheit.&#8220;<\/em><\/p>\n\n\n\n<p>Nachdem man das als geb\u00fcrtiger Niederrheiner erstmal verdaut hat, kommen wir zur\u00fcck zur Ausgangsfrage: Was ist der Niederrhein und was genau beinhaltet die &#8222;Eisenbahnlandschaft Niederrhein&#8220;, um die es hier auf dieser Webseite geht? <\/p>\n\n\n\n<p>Da ich als Niederrheiner nichts wei\u00df, aber alles erkl\u00e4ren kann (s. o.), habe ich f\u00fcr mich das Gebiet mit den Eckpunkten M\u00f6nchengladbach &#8211; Neuss &#8211; Krefeld &#8211; Duisburg &#8211; Oberhausen bzw. Kaldenkirchen &#8211; Kranenburg &#8211; Emmerich &#8211; Bocholt als &#8222;den Niederrhein&#8220; erkl\u00e4rt, den ich hier n\u00e4her betrachten m\u00f6chte. Mit einem leichten Schwerpunkt auf dem linken Niederrhein, weil ich auf dieser Rheinseite zu Hause bin. Den rechtsrheinischen Teil des Niederrheins will ich dabei aber nat\u00fcrlich nicht au\u00dfer Acht lassen.<\/p>\n\n\n\n<figure class=\"wp-block-image size-large\"><img fetchpriority=\"high\" decoding=\"async\" width=\"1024\" height=\"683\" src=\"https:\/\/www.eisenbahnlandschaft-niederrhein.de\/wp-content\/uploads\/2024\/02\/1500x1000-Niederrhein-2022-10-19-1024x683.jpg\" alt=\"\" class=\"wp-image-177\" srcset=\"https:\/\/www.eisenbahnlandschaft-niederrhein.de\/wp-content\/uploads\/2024\/02\/1500x1000-Niederrhein-2022-10-19-1024x683.jpg 1024w, https:\/\/www.eisenbahnlandschaft-niederrhein.de\/wp-content\/uploads\/2024\/02\/1500x1000-Niederrhein-2022-10-19-300x200.jpg 300w, https:\/\/www.eisenbahnlandschaft-niederrhein.de\/wp-content\/uploads\/2024\/02\/1500x1000-Niederrhein-2022-10-19-768x512.jpg 768w, https:\/\/www.eisenbahnlandschaft-niederrhein.de\/wp-content\/uploads\/2024\/02\/1500x1000-Niederrhein-2022-10-19.jpg 1500w\" sizes=\"(max-width: 1024px) 100vw, 1024px\" \/><\/figure>\n\n\n\n<p><em>Der Niederrhein &#8211; flache, weite Landschaften. Fr\u00fcher hie\u00df es, man k\u00f6nnte am Mittwoch schon sehen, wer am Samstag zu Besuch kommen w\u00fcrde. Zumindest die Z\u00fcge sind da heute schneller unterwegs&#8230;<\/em><\/p>\n","protected":false},"excerpt":{"rendered":"<p>Was ist der Niederrhein? Hanns-Dieter H\u00fcsch, Kabarettist und Schriftsteller aus Moers, hat mal gesagt: &#8222;Der Niederrheiner wei\u00df nichts, kann aber alles erkl\u00e4ren.&#8220; Von dieser Weisheit ausgehend besch\u00e4ftigen wir uns mal mit der Frage, was der Niederrhein \u00fcberhaupt ist. Schnell wird man feststellen, dass es &#8222;den Niederrhein&#8220; eigentlich gar nicht gibt. Je nach Definition und Sichtweise [&hellip;]<\/p>\n","protected":false},"author":1,"featured_media":0,"parent":0,"menu_order":0,"comment_status":"closed","ping_status":"closed","template":"","meta":{"footnotes":""},"class_list":["post-133","page","type-page","status-publish","hentry"],"_links":{"self":[{"href":"https:\/\/www.eisenbahnlandschaft-niederrhein.de\/index.php\/wp-json\/wp\/v2\/pages\/133","targetHints":{"allow":["GET"]}}],"collection":[{"href":"https:\/\/www.eisenbahnlandschaft-niederrhein.de\/index.php\/wp-json\/wp\/v2\/pages"}],"about":[{"href":"https:\/\/www.eisenbahnlandschaft-niederrhein.de\/index.php\/wp-json\/wp\/v2\/types\/page"}],"author":[{"embeddable":true,"href":"https:\/\/www.eisenbahnlandschaft-niederrhein.de\/index.php\/wp-json\/wp\/v2\/users\/1"}],"replies":[{"embeddable":true,"href":"https:\/\/www.eisenbahnlandschaft-niederrhein.de\/index.php\/wp-json\/wp\/v2\/comments?post=133"}],"version-history":[{"count":8,"href":"https:\/\/www.eisenbahnlandschaft-niederrhein.de\/index.php\/wp-json\/wp\/v2\/pages\/133\/revisions"}],"predecessor-version":[{"id":238,"href":"https:\/\/www.eisenbahnlandschaft-niederrhein.de\/index.php\/wp-json\/wp\/v2\/pages\/133\/revisions\/238"}],"wp:attachment":[{"href":"https:\/\/www.eisenbahnlandschaft-niederrhein.de\/index.php\/wp-json\/wp\/v2\/media?parent=133"}],"curies":[{"name":"wp","href":"https:\/\/api.w.org\/{rel}","templated":true}]}}